{"id":92,"date":"2023-11-06T14:52:31","date_gmt":"2023-11-06T13:52:31","guid":{"rendered":"http:\/\/192.168.1.111\/wordpress\/?page_id=92"},"modified":"2024-03-15T11:11:22","modified_gmt":"2024-03-15T10:11:22","slug":"illustration","status":"publish","type":"page","link":"https:\/\/paulinemonsallier.fr\/?page_id=92","title":{"rendered":"Illustration"},"content":{"rendered":"\n\n\n<p><br>Quoi de plus effrayant que l&rsquo;affiche d&rsquo;une des s\u00e9ries les plus terrifiantes de notre g\u00e9n\u00e9ration.<br>Et si en plus celle-ci prend vie, quel effroi.<\/p>\n\n\n\n\n\n<div class=\"wp-block-columns is-layout-flex wp-container-core-columns-is-layout-9d6595d7 wp-block-columns-is-layout-flex\">\n<div class=\"wp-block-column is-layout-flow wp-block-column-is-layout-flow\"><\/div>\n\n\n\n<div class=\"wp-block-column is-layout-flow wp-block-column-is-layout-flow\"><\/div>\n\n\n\n<div class=\"wp-block-column is-layout-flow wp-block-column-is-layout-flow\"><\/div>\n<\/div>\n\n\n\n<div class=\"wp-block-columns is-layout-flex wp-container-core-columns-is-layout-9d6595d7 wp-block-columns-is-layout-flex\">\n<div class=\"wp-block-column is-layout-flow wp-block-column-is-layout-flow\"><\/div>\n<\/div>\n\n\n\n\n\n\n\n\n\n\n\n\n","protected":false},"excerpt":{"rendered":"<p>Quoi de plus effrayant que l&rsquo;affiche d&rsquo;une des s\u00e9ries les plus terrifiantes de notre g\u00e9n\u00e9ration.Et si en plus celle-ci prend vie, quel effroi.<\/p>\n","protected":false},"author":1,"featured_media":0,"parent":0,"menu_order":0,"comment_status":"closed","ping_status":"closed","template":"","meta":{"saved_in_kubio":true,"footnotes":""},"class_list":["post-92","page","type-page","status-publish","hentry"],"kubio_ai_page_context":{"short_desc":"","purpose":"general"},"_links":{"self":[{"href":"https:\/\/paulinemonsallier.fr\/index.php?rest_route=\/wp\/v2\/pages\/92","targetHints":{"allow":["GET"]}}],"collection":[{"href":"https:\/\/paulinemonsallier.fr\/index.php?rest_route=\/wp\/v2\/pages"}],"about":[{"href":"https:\/\/paulinemonsallier.fr\/index.php?rest_route=\/wp\/v2\/types\/page"}],"author":[{"embeddable":true,"href":"https:\/\/paulinemonsallier.fr\/index.php?rest_route=\/wp\/v2\/users\/1"}],"replies":[{"embeddable":true,"href":"https:\/\/paulinemonsallier.fr\/index.php?rest_route=%2Fwp%2Fv2%2Fcomments&post=92"}],"version-history":[{"count":16,"href":"https:\/\/paulinemonsallier.fr\/index.php?rest_route=\/wp\/v2\/pages\/92\/revisions"}],"predecessor-version":[{"id":625,"href":"https:\/\/paulinemonsallier.fr\/index.php?rest_route=\/wp\/v2\/pages\/92\/revisions\/625"}],"wp:attachment":[{"href":"https:\/\/paulinemonsallier.fr\/index.php?rest_route=%2Fwp%2Fv2%2Fmedia&parent=92"}],"curies":[{"name":"wp","href":"https:\/\/api.w.org\/{rel}","templated":true}]}}