{"id":98,"date":"2023-11-06T15:52:07","date_gmt":"2023-11-06T14:52:07","guid":{"rendered":"http:\/\/192.168.1.111\/wordpress\/?page_id=98"},"modified":"2024-03-19T13:48:21","modified_gmt":"2024-03-19T12:48:21","slug":"evenement","status":"publish","type":"page","link":"https:\/\/paulinemonsallier.fr\/?page_id=98","title":{"rendered":"\u00c9v\u00e8nement"},"content":{"rendered":"\n\n\n<p><br><strong>Brief <\/strong>: Le festival Lyonnais \u00ab\u00a0Les nuits sonores\u00a0\u00bb veulent une nouvelle affiche pour cette ann\u00e9e 2024.<br><br><strong>Besoins<\/strong> : Avoir un visuel symbolisant la musique \u00e9lectronique\/ind\u00e9pendante. <br>Cr\u00e9er 2 visuels publicitaires (un mobile et un print).<br>Et la cr\u00e9ation d&rsquo;un goodies (sweet-shirt) vendu sur place.<br><br><\/p>\n\n\n\n<figure class=\"wp-block-image size-full is-resized is-style-default\"><img loading=\"lazy\" decoding=\"async\" width=\"1200\" height=\"630\" src=\"https:\/\/portfolio.doazan.fr:4443\/wp-content\/uploads\/2023\/11\/4-3-nom-nuits-sonores.png\" alt=\"\" class=\"wp-image-279\" style=\"aspect-ratio:1.7777777777777777;object-fit:cover;width:1172px;height:auto\" srcset=\"https:\/\/paulinemonsallier.fr\/wp-content\/uploads\/2023\/11\/4-3-nom-nuits-sonores.png 1200w, https:\/\/paulinemonsallier.fr\/wp-content\/uploads\/2023\/11\/4-3-nom-nuits-sonores-300x158.png 300w, https:\/\/paulinemonsallier.fr\/wp-content\/uploads\/2023\/11\/4-3-nom-nuits-sonores-1024x538.png 1024w, https:\/\/paulinemonsallier.fr\/wp-content\/uploads\/2023\/11\/4-3-nom-nuits-sonores-768x403.png 768w\" sizes=\"auto, (max-width: 1200px) 100vw, 1200px\" \/><\/figure>\n\n\n\n<div class=\"wp-block-columns is-layout-flex wp-container-core-columns-is-layout-9d6595d7 wp-block-columns-is-layout-flex\">\n<div class=\"wp-block-column is-layout-flow wp-block-column-is-layout-flow\"><\/div>\n\n\n\n<div class=\"wp-block-column is-vertically-aligned-center is-layout-flow wp-block-column-is-layout-flow\"><\/div>\n<\/div>\n\n\n\n<figure class=\"wp-block-image alignfull size-full\"><img loading=\"lazy\" decoding=\"async\" width=\"945\" height=\"630\" src=\"https:\/\/portfolio.doazan.fr:4443\/wp-content\/uploads\/2023\/11\/sweet-petit.jpg\" alt=\"\" class=\"wp-image-248\" srcset=\"https:\/\/paulinemonsallier.fr\/wp-content\/uploads\/2023\/11\/sweet-petit.jpg 945w, https:\/\/paulinemonsallier.fr\/wp-content\/uploads\/2023\/11\/sweet-petit-300x200.jpg 300w, https:\/\/paulinemonsallier.fr\/wp-content\/uploads\/2023\/11\/sweet-petit-768x512.jpg 768w\" sizes=\"auto, (max-width: 945px) 100vw, 945px\" \/><\/figure>\n\n\n\n<p><br>Directrice : Pauline Monsallier<br>Illustration : Pauline Monsallier<br>Recherche graphique : Pauline Monsallier<\/p>\n\n\n\n\n\n\n\n\n\n\n\n\n\n\n","protected":false},"excerpt":{"rendered":"<p>Brief : Le festival Lyonnais \u00ab\u00a0Les nuits sonores\u00a0\u00bb veulent une nouvelle affiche pour cette ann\u00e9e 2024. Besoins : Avoir un visuel symbolisant la musique \u00e9lectronique\/ind\u00e9pendante. Cr\u00e9er 2 visuels publicitaires (un mobile et un print).Et la cr\u00e9ation d&rsquo;un goodies (sweet-shirt) vendu sur place. Directrice : Pauline MonsallierIllustration : Pauline MonsallierRecherche graphique : Pauline Monsallier<\/p>\n","protected":false},"author":1,"featured_media":0,"parent":0,"menu_order":0,"comment_status":"closed","ping_status":"closed","template":"","meta":{"saved_in_kubio":true,"footnotes":""},"class_list":["post-98","page","type-page","status-publish","hentry"],"kubio_ai_page_context":{"short_desc":"","purpose":"general"},"_links":{"self":[{"href":"https:\/\/paulinemonsallier.fr\/index.php?rest_route=\/wp\/v2\/pages\/98","targetHints":{"allow":["GET"]}}],"collection":[{"href":"https:\/\/paulinemonsallier.fr\/index.php?rest_route=\/wp\/v2\/pages"}],"about":[{"href":"https:\/\/paulinemonsallier.fr\/index.php?rest_route=\/wp\/v2\/types\/page"}],"author":[{"embeddable":true,"href":"https:\/\/paulinemonsallier.fr\/index.php?rest_route=\/wp\/v2\/users\/1"}],"replies":[{"embeddable":true,"href":"https:\/\/paulinemonsallier.fr\/index.php?rest_route=%2Fwp%2Fv2%2Fcomments&post=98"}],"version-history":[{"count":20,"href":"https:\/\/paulinemonsallier.fr\/index.php?rest_route=\/wp\/v2\/pages\/98\/revisions"}],"predecessor-version":[{"id":677,"href":"https:\/\/paulinemonsallier.fr\/index.php?rest_route=\/wp\/v2\/pages\/98\/revisions\/677"}],"wp:attachment":[{"href":"https:\/\/paulinemonsallier.fr\/index.php?rest_route=%2Fwp%2Fv2%2Fmedia&parent=98"}],"curies":[{"name":"wp","href":"https:\/\/api.w.org\/{rel}","templated":true}]}}

Évènement

<p><br><strong>Brief </strong>: Le festival Lyonnais « Les nuits sonores » veulent une nouvelle affiche pour cette année 2024.<br><br><strong>Besoins</strong> : Avoir un visuel symbolisant la musique électronique/indépendante. <br>Créer 2 visuels publicitaires (un mobile et un print).<br>Et la création d&rsquo;un goodies (sweet-shirt) vendu sur place.<br><br></p>



<figure class="wp-block-image size-full is-resized is-style-default"><img loading="lazy" decoding="async" width="1200" height="630" src="https://portfolio.doazan.fr:4443/wp-content/uploads/2023/11/4-3-nom-nuits-sonores.png" alt="" class="wp-image-279" style="aspect-ratio:1.7777777777777777;object-fit:cover;width:1172px;height:auto" srcset="https://paulinemonsallier.fr/wp-content/uploads/2023/11/4-3-nom-nuits-sonores.png 1200w, https://paulinemonsallier.fr/wp-content/uploads/2023/11/4-3-nom-nuits-sonores-300x158.png 300w, https://paulinemonsallier.fr/wp-content/uploads/2023/11/4-3-nom-nuits-sonores-1024x538.png 1024w, https://paulinemonsallier.fr/wp-content/uploads/2023/11/4-3-nom-nuits-sonores-768x403.png 768w" sizes="auto, (max-width: 1200px) 100vw, 1200px" /></figure>



<div class="wp-block-columns is-layout-flex wp-container-core-columns-is-layout-9d6595d7 wp-block-columns-is-layout-flex">
<div class="wp-block-column is-layout-flow wp-block-column-is-layout-flow"></div>



<div class="wp-block-column is-vertically-aligned-center is-layout-flow wp-block-column-is-layout-flow"></div>
</div>



<figure class="wp-block-image alignfull size-full"><img loading="lazy" decoding="async" width="945" height="630" src="https://portfolio.doazan.fr:4443/wp-content/uploads/2023/11/sweet-petit.jpg" alt="" class="wp-image-248" srcset="https://paulinemonsallier.fr/wp-content/uploads/2023/11/sweet-petit.jpg 945w, https://paulinemonsallier.fr/wp-content/uploads/2023/11/sweet-petit-300x200.jpg 300w, https://paulinemonsallier.fr/wp-content/uploads/2023/11/sweet-petit-768x512.jpg 768w" sizes="auto, (max-width: 945px) 100vw, 945px" /></figure>



<p><br>Directrice : Pauline Monsallier<br>Illustration : Pauline Monsallier<br>Recherche graphique : Pauline Monsallier</p>

<p>Brief : Le festival Lyonnais « Les nuits sonores » veulent une nouvelle affiche pour cette année 2024. Besoins : Avoir un visuel symbolisant la musique électronique/indépendante. Créer 2 visuels publicitaires (un mobile et un print).Et la création d&rsquo;un goodies (sweet-shirt) vendu sur place. Directrice : Pauline MonsallierIllustration : Pauline MonsallierRecherche graphique : Pauline Monsallier</p>
